Suppose -4*g + 16 = 0, 3*m - 92 = 2*g - 4*g. What is the tens digit of m?
2
Let l(u) = 48*u + 12. What is the tens digit of l(5)?
5
Let s be (-1)/(1*(-2)/(-6)). Let x be s/15 - 3/(-15). Suppose 0 = 4*a + 2*o - 2, -3*a + 1 = 2*o - x. What is the units digit of a?
1
Suppose 160 = -5*a - 170. What is the units digit of 12/a + 334/22?
5
Let y = 324 - 100. What is the hundreds digit of y?
2
Let w(k) = -k**3 + 10*k**2 + 14*k + 27. What is the units digit of w(11)?
0
Let m(u) = -8*u - 4. Let q(b) = -7*b - 3. Let o(r) = 3*m(r) - 4*q(r). What is the tens digit of o(3)?
1
What is the units digit of 2/5 - 1107/(-45)?
5
Suppose -f + 52 = d, -4*f + 3*d + 2*d = -244. What is the units digit of f?
6
Let x = 9 + -4. What is the units digit of x?
5
Let l(w) = -2*w - 12. Let h be l(-6). Suppose h = 2*y + 3*u - 27, 3*y - 3*u = u + 83. What is the units digit of y?
1
Suppose -52 - 14 = -2*m + 3*y, 3*m + 2*y - 73 = 0. Let i be 576/m - 4/(-6). Suppose -2*l - x + 9 = -10, 2*x + i = l. What is the tens digit of l?
1
Suppose 0 = -5*n + 5*l + 1265, 5*l + 769 = -0*n + 3*n. What is the tens digit of n?
4
Suppose 5*d + 15 = 0, -2*d - 2 = 3*q + 1. Let x be (-2)/(-1 - 0)*q. Suppose 4*n - 41 = -x*z + 11, 3*z - 3*n = 42. What is the units digit of z?
8
Suppose 4*c - 40 = 4*o + 20, -60 = -4*c + 5*o. Suppose -4*p + 3*w + 36 = w, p - c = 2*w. Let b = p - -2. What is the units digit of b?
9
Let f(r) = 3*r + 1. Let o be f(3). Let u = -6 + o. Suppose 1 = u*q - 3. What is the units digit of q?
1
Let r = -69 - -4. Let v = -30 - r. What is the tens digit of v?
3
Suppose 0 = -5*z + 71 - 1. What is the units digit of (z/(-10))/(1/(-5))?
7
Suppose 2 = 4*c - 6. Let w(t) = 0*t + 5*t - c*t. What is the units digit of w(5)?
5
Suppose 4*b + 84 = 8*b. What is the tens digit of b?
2
Let p = 386 - 218. What is the units digit of p?
8
Let s(i) = 10*i**2 + 19*i - 1. What is the units digit of s(-3)?
2
Let d(q) = q**3 + 14*q**2 - 16*q - 17. Let n be d(-15). What is the tens digit of (-3 - n)/((-3)/132)?
4
Let c = 131 - 82. What is the units digit of c?
9
Let i(k) be the first derivative of -k**2 - 6*k - 2. Let g be i(-6). Let z = -5 + g. What is the units digit of z?
1
Let f(z) = z - 1. Let o be f(8). Let m(b) = b + 8. What is the units digit of m(o)?
5
Suppose 130 = 4*s - 90. Let d = s - 24. What is the units digit of d?
1
Let n = 11 - 9. Suppose 5*f = 0, 3*f = -n*j + 13 + 9. What is the tens digit of j?
1
Suppose 0 = 4*w - 3 - 17. Suppose l + w*n + 22 = 0, 2*n - 2 = 3*l + n. Let z = l - -3. What is the units digit of z?
1
Suppose -1 = a - 7. Let j(s) = s - 2. What is the units digit of j(a)?
4
Suppose 4*p - 5*g = 2 + 3, -p = 4*g - 17. Suppose -p*m + 4*m + 49 = -2*t, 0 = 2*m + 4*t - 98. What is the tens digit of m?
4
Suppose -1 - 2 = -l. Suppose l - 12 = -u. Suppose -3*i + u = -2*i + 5*s, 0 = -5*i + 5*s + 45. What is the units digit of i?
9
Suppose -2*v - 2*v = -4. Suppose 2*o = -5 - v, 0 = -n - o + 29. What is the tens digit of n?
3
Let n(u) = 50*u + 2. Let s be n(3). Suppose 7*j - 3*j = s. What is the units digit of j?
8
What is the tens digit of -4 + 2 + 465/5?
9
Suppose 15 = -0*l + 5*l. Suppose -l*g - 3 = -4*g. What is the units digit of g?
3
Let t(y) = 11*y - 8. Let b be t(5). Suppose 11 = -2*s + b. What is the units digit of s?
8
Suppose 21 = 3*j + n, 0 = 2*j + j + 3*n - 27. What is the tens digit of 18 - 2/(4/j)?
1
Let b(y) = 3*y**2 - 5*y - 4. What is the units digit of b(4)?
4
Let m be -2 + 14/2 + 1. Suppose m*u - u - 10 = 0. Suppose 0 = u*t - 3*z - 7, 4*t = -6*z + z + 3. What is the units digit of t?
2
Suppose -9*q + 4*q = -5*x + 1520, -2*x + 4*q + 610 = 0. What is the hundreds digit of x?
3
Let q = -2 - -20. What is the tens digit of q?
1
Let v = 6 - 7. What is the units digit of -4 + 10 - (2 - v)?
3
Suppose v - 3*i + 141 = 4*v, 2*i + 35 = v. Suppose -4*a = -q - v, 4*a - 4*q + 4 = 32. Suppose a = 3*b, 0*b + 2*b + 12 = 4*j. What is the units digit of j?
5
Suppose -f = 3*f. Suppose f*o - 3*o + 84 = 0. What is the units digit of o?
8
Let u(o) = -o**3 - 11*o**2 - 9. Let z be u(-11). Let p = z - -44. What is the units digit of p?
5
Let j = 13 + 64. What is the tens digit of j?
7
Let x = -25 - -34. What is the units digit of x?
9
Let n(t) = t**2 + 6*t + 6. Let f be (1 + -1 - -1)*1. Suppose -48 = 4*x + h + 3*h, 3*x - 4*h = -f. What is the units digit of n(x)?
3
Let i(q) = q**3 + 16*q**2 + 21*q + 18. What is the tens digit of i(-14)?
1
Let i(b) = -b**3 + 6*b**2 + 6*b + 10. Let x be i(7). Suppose -l - x*o + 8*o - 6 = 0, 0 = l - o + 22. Let v = -18 - l. What is the units digit of v?
8
Let y be (-177)/12 - (-2)/(-8). Let q = y + 18. What is the units digit of q?
3
What is the tens digit of (-1)/5 + 7582/85?
8
What is the tens digit of (38/(-8))/(7/(-56))?
3
Let w(g) = -2*g - 10. Let d be w(-7). Suppose 16 = d*a, 3*l + 2*a = 4*l - 2. What is the units digit of l?
0
Suppose -4*a - 4*w = -52, 6*a - 2*w - 30 = a. Let f be 102/a + 6/(-8). Let m = -7 + f. What is the units digit of m?
5
Let j = 27 + -13. Suppose -3*m = -0*b + 2*b - 12, -m - 3*b = -11. Suppose m*w = 8, 2*i = 4*w - 5*w + j. What is the units digit of i?
5
Let t(d) = d - 5. Let j be t(7). What is the units digit of (-3 - -2 - 0) + j?
1
Let y = 18 - -3. Suppose 3*o - 6*o + y = 4*q, -o = -3. What is the units digit of q/(2 + 3/(-6))?
2
Suppose 4 = 2*i - 4. What is the tens digit of 15/i*(-8)/(-3)?
1
Suppose 5*v = -w + 30, -4*w = 27 - 7. Let k = -3 + v. What is the units digit of 3/9 - k/(-6)?
1
Let t(a) = a**2 - 2*a + 4. Let s be (-52)/(-20) - (-2)/5. What is the units digit of t(s)?
7
Let w(y) = y**3 + 3*y**2 - 4*y + 1. Let a(m) = m**2 + m - 1. Let b(d) = 2*a(d) + w(d). What is the units digit of b(-5)?
9
Let k(s) = 3*s**3 - 9*s**2 + 4. Let t(v) = -4*v**3 + 10*v**2 + v - 4. Let r(c) = -3*k(c) - 2*t(c). What is the units digit of r(5)?
6
What is the units digit of -40*(1/5 - 1)?
2
Let i = -1 - -4. Suppose -5*r - 3*g + 13 = 0, -2*g + i = -3*r + 7. Let l = r + 1. What is the units digit of l?
3
Suppose 2*w - 41 = -7. What is the tens digit of w?
1
Let a be (40/6)/(5/15). Suppose -a = -0*t - 2*t. Suppose -4*v - 40 = -t*q + 5*q, 4*v + 12 = -2*q. What is the units digit of q?
4
Let t(s) = -s**2 + 16*s - 10. What is the units digit of t(13)?
9
What is the units digit of 370/2 + (-6)/(-2) + 3?
1
What is the tens digit of -9*(-6 - -2) - 3?
3
Suppose -l = 4*l - 110. Let k = -14 + l. What is the units digit of k?
8
Let p(m) = -m**3 + 10*m**2 - 8*m - 12. Let s be p(9). Let y = 8 - s. What is the units digit of y?
1
Let b(f) = 36*f - 8. What is the units digit of b(2)?
4
Let q(u) = u**3 + 5*u**2 - 4*u + 2. What is the hundreds digit of q(4)?
1
Let m = 9 + -5. Suppose 5*p - m*o = -23, 2*o = 2*p + o + 8. What is the units digit of 2/((-2 - p)*2)?
1
Let i(l) = l**2 + 14*l - 5. Let n(d) = d. Let m(h) = -i(h) + 4*n(h). What is the tens digit of m(-8)?
2
Suppose -h + 28 = -8*h. Suppose 5*t - 4*r = -98, 34 - 110 = 4*t - 2*r. Let p = h - t. What is the tens digit of p?
1
Let c be ((-10)/(-3))/((-2)/(-33)). Suppose -3*g - v = -40, 3*g + c = 6*g - 2*v. What is the tens digit of g?
1
Let z = 26 - 14. Let m = z + -4. What is the units digit of m?
8
Let x(y) = 2*y - 9. Let h be x(6). Suppose 5*b + h = -22. What is the units digit of ((-8)/b)/(8/20)?
4
Suppose 3*m + 840 - 267 = 3*v, -394 = -2*v + 5*m. What is the units digit of v?
7
Let v(m) = m + 2 - 1 + 1 + 6. Let n be v(-6). What is the units digit of 8/6*n*3?
8
Let c = 32 - 7. Suppose c = -4*m - 23. Let h(p) = -p - 10. What is the units digit of h(m)?
2
Let t(u) be the third derivative of u**6/180 + u**5/40 - u**3/3 + u**2. Let z(a) be the first derivative of t(a). What is the units digit of z(-2)?
2
Let c be 2/4*3*2. What is the tens digit of (c + 9)*(-4)/(-3)?
1
Let p(w) = 13*w**2 + w. What is the tens digit of p(2)?
5
Suppose 0 = 2*i + 4*t - 66, 3*t + 13 - 79 = -2*i. Suppose 5*x = i + 72. What is the units digit of x?
1
Let h be (-10)/35 - 32/(-14). Suppose -3*y = h*a - 85, y + 4*a - 54 = -y. What is the units digit of y?
9
Let z be 2/11 + 42/11. Suppose 3*x + 2*x - 7 = -2*t, 5*t = z*x - 32. Suppose 0*l + 4*l - 2*v = 42, x*l - 30 = v. What is the units digit of l?
9
Let y(n) = -6*n - 5. What is the units digit of y(-7)?
7
Let j = 27 + -11. What is the units digit of (-105)/14*j/(-10)?
2
Let i be 0 + 4 + 0 